{"id":51,"date":"2016-02-01T17:52:09","date_gmt":"2016-02-01T17:52:09","guid":{"rendered":"http:\/\/avvcelm.cat\/avvcelm\/?page_id=51"},"modified":"2022-09-28T12:07:36","modified_gmt":"2022-09-28T12:07:36","slug":"historia-de-valldoreix","status":"publish","type":"page","link":"http:\/\/avvcelm.cat\/avvcelm\/historia-de-valldoreix\/","title":{"rendered":"Hist\u00f2ria de Valldoreix"},"content":{"rendered":"<p><strong>Aqu\u00ed hi trobareu un recull d&#8217;hist\u00f2ria de Valldoreix:<\/strong><br \/>\n<a href=\"http:\/\/avvcelm.cat\/avvcelm\/?page_id=495&#038;preview=true\/\">Narc\u00eds Perbellini. Un personatge exemplar: el salvador del re-taule de Valldoreix<\/a><br \/>\n<a href=\"http:\/\/avvcelm.cat\/avvcelm\/historia-de-valldoreix\/masia-de-can-cabassa\/\">Masia de Can Cabassa<\/a><a href=\"http:\/\/avvcelm.cat\/avvcelm\/historia-de-valldoreix\/can-majo-de-valldoreix\/\"><br \/>\nCan Maj\u00f3 de Valldoreix<\/a><br \/>\n<a href=\"http:\/\/avvcelm.cat\/avvcelm\/historia-de-valldoreix\/el-moli-de-canals\/\">El Mol\u00ed de Canals<\/a><br \/>\n<a href=\"http:\/\/avvcelm.cat\/avvcelm\/historia-de-valldoreix\/el-cementiri-de-valldoreix\/\">El cementiri de Valldoreix<\/a><br \/>\n<a href=\"http:\/\/avvcelm.cat\/avvcelm\/historia-de-valldoreix\/luis-stern-selig\/\">Luis Stern Selig<\/a><br \/>\n<a href=\"http:\/\/avvcelm.cat\/avvcelm\/historia-de-valldoreix\/el-mas-fuster-de-valldoreix\/\">El Mas Fuster de Valldoreix<\/a><br \/>\n<a href=\"http:\/\/avvcelm.cat\/avvcelm\/historia-de-valldoreix\/victor-clemente-mellado-un-senyor-de-valldoreix\/\">V\u00edctor Clemente Mellado, un senyor de Valldoreix<\/a><br \/>\n<a href=\"http:\/\/avvcelm.cat\/avvcelm\/historia-de-valldoreix\/la-guerra-de-successio-a-valldoreix\/\">La Guerra de Successi\u00f3 a Valldoreix<br \/>\n<\/a><a href=\"http:\/\/avvcelm.cat\/avvcelm\/historia-de-valldoreix\/guerrillers-a-valldoreix\/\">Guerrillers a Valldoreix<\/a><a href=\"http:\/\/avvcelm.cat\/avvcelm\/historia-de-valldoreix\/la-guerra-de-successio-a-valldoreix\/\"><br \/>\n<\/a><a href=\"http:\/\/avvcelm.cat\/avvcelm\/historia-de-valldoreix\/un-passeig-per-lavinguda-joan-borras-de-valldoreix\/\">Un passeig per l&#8217;Avinguda Joan Borr\u00e0s de Valldoreix<\/a><br \/>\n<a href=\"http:\/\/avvcelm.cat\/avvcelm\/historia-de-valldoreix\/comunidor-de-sant-cebria\/\">Comunidor de Sant Cebri\u00e0<\/a><br \/>\n<a href=\"http:\/\/avvcelm.cat\/avvcelm\/historia-de-valldoreix\/la-creacio-de-lentitat-local-menor-de-valldoreix\/\">La Creaci\u00f3 de l&#8217;entitat local menor de Valldoreix<\/a><br \/>\n<a href=\"http:\/\/avvcelm.cat\/avvcelm\/historia-de-valldoreix\/un-retall-de-monmany-a-ceuta\/\">Un retall de Monmany a Ceuta<\/a><br \/>\n<a href=\"http:\/\/avvcelm.cat\/avvcelm\/lestacio-de-valldoreix\/\">L&#8217;estaci\u00f3 de Valldoreix<\/a><br \/>\n<a href=\"http:\/\/avvcelm.cat\/avvcelm\/historia-de-valldoreix\/el-campanar-i-les-campanes-de-sant-cebria\/\">El campanar i les campanes de Sant Cebri\u00e0<\/a><br \/>\n<a href=\"http:\/\/avvcelm.cat\/avvcelm\/historia-de-valldoreix\/aqualonga\/\">Aqualonga<\/a><br \/>\n<a href=\"http:\/\/avvcelm.cat\/avvcelm\/historia-de-valldoreix\/francesc-busquets-i-pujol\/\">Francesc Busquets i Pujol<\/a><br \/>\n<a href=\"http:\/\/avvcelm.cat\/avvcelm\/historia-de-valldoreix\/masia-can-cadena-de-valldoreix\/\">Masia can Cadena de Valldoreix<\/a><br \/>\n<a href=\"http:\/\/avvcelm.cat\/avvcelm\/historia-de-valldoreix\/santa-eulalia-de-madrona-o-la-salut\/\">Santa Eul\u00e0lia de Madrona o La Salut<\/a><br \/>\n<a href=\"http:\/\/avvcelm.cat\/avvcelm\/historia-de-valldoreix\/clandestinitat-al-valldoreix-dels-anys-40\/\">Clandestinitat al Valldoreix dels anys 40<\/a><br \/>\n<a href=\"http:\/\/avvcelm.cat\/avvcelm\/historia-de-valldoreix\/el-primer-alcalde-de-valldoreix\/\">El primer alcalde de Valldoreix<\/a><br \/>\n<a href=\"http:\/\/avvcelm.cat\/avvcelm\/historia-de-valldoreix\/can-barba-de-madrona\/\">Can Barba de Madrona<\/a><br \/>\n<a href=\"http:\/\/avvcelm.cat\/avvcelm\/historia-de-valldoreix\/el-nom-de-les-cases-de-valldoreix\/\">El nom de les cases de Valldoreix<\/a><br \/>\n<a href=\"http:\/\/avvcelm.cat\/avvcelm\/el-servei-daigua-corrent-a-valldoreix\/\">El servei d&#8217;aigua corrent a Valldoreix<\/a><br \/>\n<a href=\"http:\/\/avvcelm.cat\/avvcelm\/historia-de-valldoreix\/la-mina-i-pedrera-berta\/\">La mina i pedrera Berta<\/a><br \/>\n<a href=\"http:\/\/avvcelm.cat\/avvcelm\/historia-de-valldoreix\/lautonomia-de-valldoreix-la-voluntat-dun-poble\/\">L&#8217;autonomia de Valldoreix, la voluntat d&#8217;un poble<\/a><br \/>\n<a href=\"http:\/\/avvcelm.cat\/avvcelm\/historia-de-valldoreix\/la-placa-de-lestacio-de-valldoreix\/\">La Pla\u00e7a de l&#8217;estaci\u00f3 de Valldoreix<\/a><br \/>\n<a href=\"http:\/\/avvcelm.cat\/avvcelm\/historia-de-valldoreix\/autobusos-a-valldoreix\/\">Autobusos a Valldoreix<\/a><br \/>\n<a href=\"http:\/\/avvcelm.cat\/avvcelm\/historia-de-valldoreix\/el-pessebre-vivent-de-valldoreix\/\">El Pessebre vivent de Valldoreix<\/a><br \/>\n<a href=\"http:\/\/avvcelm.cat\/avvcelm\/historia-de-valldoreix\/merce-capsir-i-valldoreix\/\">Merc\u00e8 Capsir i Valldoreix<\/a><br \/>\n<a href=\"http:\/\/avvcelm.cat\/avvcelm\/historia-de-valldoreix\/les-antigues-cavalcades-de-reis-de-valldoreix\/\">Les antigues cavalcades de Reis de Valldoreix<\/a><br \/>\n<a href=\"http:\/\/avvcelm.cat\/avvcelm\/historia-de-valldoreix\/can-badal-de-valldoreix\/\">Can Badal de Valldoreix<\/a><br \/>\n<a href=\"http:\/\/avvcelm.cat\/avvcelm\/historia-de-valldoreix\/valldoreix-1933-una-visio-mironiana\/\">Valldoreix 1933: Una visi\u00f3 mironiana<\/a><br \/>\n<a href=\"http:\/\/avvcelm.cat\/avvcelm\/historia-de-valldoreix\/el-castell-de-canals\/\">El castell de Canals<\/a><br \/>\n<a href=\"http:\/\/avvcelm.cat\/avvcelm\/historia-de-valldoreix\/can-monmany-de-valldoreix\/\">Can Monmany de Valldoreix<\/a><br \/>\n<a href=\"http:\/\/avvcelm.cat\/avvcelm\/historia-de-valldoreix\/can-busquets\/\">Can Busquets<\/a><br \/>\n<a href=\"http:\/\/avvcelm.cat\/avvcelm\/historia-de-valldoreix\/petita-historia-del-comerc-de-valldoreix\/\">Petita hist\u00f2ria del comer\u00e7 de Valldoreix<\/a><br \/>\n<a href=\"http:\/\/avvcelm.cat\/avvcelm\/historia-de-valldoreix\/can-fayol-de-valldoreix\/\">Can Fayol de Valldoreix<\/a><br \/>\n<a href=\"http:\/\/avvcelm.cat\/avvcelm\/historia-de-valldoreix\/valldoreix-terra-daigua\/\">Valldoreix terra d&#8217;aigua<\/a><\/p>\n","protected":false},"excerpt":{"rendered":"<p>Aqu\u00ed hi trobareu un recull d&#8217;hist\u00f2ria de Valldoreix: Narc\u00eds Perbellini. Un personatge exemplar: el salvador del re-taule de Valldoreix Masia de Can Cabassa Can Maj\u00f3 de Valldoreix El Mol\u00ed de Canals El cementiri de Valldoreix Luis Stern Selig El Mas Fuster de Valldoreix V\u00edctor Clemente Mellado, un senyor de Valldoreix La Guerra de Successi\u00f3 a Valldoreix Guerrillers a Valldoreix Un passeig per l&#8217;Avinguda Joan Borr\u00e0s de Valldoreix Comunidor de Sant Cebri\u00e0 La Creaci\u00f3 de l&#8217;entitat local menor de Valldoreix Un retall de Monmany a Ceuta L&#8217;estaci\u00f3 de Valldoreix El campanar i les campanes de Sant Cebri\u00e0 Aqualonga Francesc Busquets i Pujol Masia can Cadena de Valldoreix Santa Eul\u00e0lia de Madrona o La Salut Clandestinitat al Valldoreix dels anys 40 El primer alcalde de Valldoreix Can Barba de Madrona El nom de les cases de Valldoreix El servei d&#8217;aigua corrent a Valldoreix La mina i pedrera Berta L&#8217;autonomia de Valldoreix, la voluntat d&#8217;un poble La Pla\u00e7a de l&#8217;estaci\u00f3 de Valldoreix Autobusos a Valldoreix El Pessebre vivent de Valldoreix Merc\u00e8 Capsir i Valldoreix Les antigues cavalcades de Reis de Valldoreix Can Badal de Valldoreix Valldoreix 1933: Una visi\u00f3 mironiana El castell de Canals Can Monmany de Valldoreix Can Busquets Petita hist\u00f2ria del [&hellip;]<\/p>\n","protected":false},"author":1,"featured_media":0,"parent":0,"menu_order":0,"comment_status":"closed","ping_status":"closed","template":"","meta":{"footnotes":""},"_links":{"self":[{"href":"http:\/\/avvcelm.cat\/avvcelm\/wp-json\/wp\/v2\/pages\/51"}],"collection":[{"href":"http:\/\/avvcelm.cat\/avvcelm\/wp-json\/wp\/v2\/pages"}],"about":[{"href":"http:\/\/avvcelm.cat\/avvcelm\/wp-json\/wp\/v2\/types\/page"}],"author":[{"embeddable":true,"href":"http:\/\/avvcelm.cat\/avvcelm\/wp-json\/wp\/v2\/users\/1"}],"replies":[{"embeddable":true,"href":"http:\/\/avvcelm.cat\/avvcelm\/wp-json\/wp\/v2\/comments?post=51"}],"version-history":[{"count":16,"href":"http:\/\/avvcelm.cat\/avvcelm\/wp-json\/wp\/v2\/pages\/51\/revisions"}],"predecessor-version":[{"id":497,"href":"http:\/\/avvcelm.cat\/avvcelm\/wp-json\/wp\/v2\/pages\/51\/revisions\/497"}],"wp:attachment":[{"href":"http:\/\/avvcelm.cat\/avvcelm\/wp-json\/wp\/v2\/media?parent=51"}],"curies":[{"name":"wp","href":"https:\/\/api.w.org\/{rel}","templated":true}]}}

Història de Valldoreix

<p><strong>Aquí hi trobareu un recull d&#8217;història de Valldoreix:</strong><br />
<a href="http://avvcelm.cat/avvcelm/?page_id=495&#038;preview=true/">Narcís Perbellini. Un personatge exemplar: el salvador del re-taule de Valldoreix</a><br />
<a href="http://avvcelm.cat/avvcelm/historia-de-valldoreix/masia-de-can-cabassa/">Masia de Can Cabassa</a><a href="http://avvcelm.cat/avvcelm/historia-de-valldoreix/can-majo-de-valldoreix/"><br />
Can Majó de Valldoreix</a><br />
<a href="http://avvcelm.cat/avvcelm/historia-de-valldoreix/el-moli-de-canals/">El Molí de Canals</a><br />
<a href="http://avvcelm.cat/avvcelm/historia-de-valldoreix/el-cementiri-de-valldoreix/">El cementiri de Valldoreix</a><br />
<a href="http://avvcelm.cat/avvcelm/historia-de-valldoreix/luis-stern-selig/">Luis Stern Selig</a><br />
<a href="http://avvcelm.cat/avvcelm/historia-de-valldoreix/el-mas-fuster-de-valldoreix/">El Mas Fuster de Valldoreix</a><br />
<a href="http://avvcelm.cat/avvcelm/historia-de-valldoreix/victor-clemente-mellado-un-senyor-de-valldoreix/">Víctor Clemente Mellado, un senyor de Valldoreix</a><br />
<a href="http://avvcelm.cat/avvcelm/historia-de-valldoreix/la-guerra-de-successio-a-valldoreix/">La Guerra de Successió a Valldoreix<br />
</a><a href="http://avvcelm.cat/avvcelm/historia-de-valldoreix/guerrillers-a-valldoreix/">Guerrillers a Valldoreix</a><a href="http://avvcelm.cat/avvcelm/historia-de-valldoreix/la-guerra-de-successio-a-valldoreix/"><br />
</a><a href="http://avvcelm.cat/avvcelm/historia-de-valldoreix/un-passeig-per-lavinguda-joan-borras-de-valldoreix/">Un passeig per l&#8217;Avinguda Joan Borràs de Valldoreix</a><br />
<a href="http://avvcelm.cat/avvcelm/historia-de-valldoreix/comunidor-de-sant-cebria/">Comunidor de Sant Cebrià</a><br />
<a href="http://avvcelm.cat/avvcelm/historia-de-valldoreix/la-creacio-de-lentitat-local-menor-de-valldoreix/">La Creació de l&#8217;entitat local menor de Valldoreix</a><br />
<a href="http://avvcelm.cat/avvcelm/historia-de-valldoreix/un-retall-de-monmany-a-ceuta/">Un retall de Monmany a Ceuta</a><br />
<a href="http://avvcelm.cat/avvcelm/lestacio-de-valldoreix/">L&#8217;estació de Valldoreix</a><br />
<a href="http://avvcelm.cat/avvcelm/historia-de-valldoreix/el-campanar-i-les-campanes-de-sant-cebria/">El campanar i les campanes de Sant Cebrià</a><br />
<a href="http://avvcelm.cat/avvcelm/historia-de-valldoreix/aqualonga/">Aqualonga</a><br />
<a href="http://avvcelm.cat/avvcelm/historia-de-valldoreix/francesc-busquets-i-pujol/">Francesc Busquets i Pujol</a><br />
<a href="http://avvcelm.cat/avvcelm/historia-de-valldoreix/masia-can-cadena-de-valldoreix/">Masia can Cadena de Valldoreix</a><br />
<a href="http://avvcelm.cat/avvcelm/historia-de-valldoreix/santa-eulalia-de-madrona-o-la-salut/">Santa Eulàlia de Madrona o La Salut</a><br />
<a href="http://avvcelm.cat/avvcelm/historia-de-valldoreix/clandestinitat-al-valldoreix-dels-anys-40/">Clandestinitat al Valldoreix dels anys 40</a><br />
<a href="http://avvcelm.cat/avvcelm/historia-de-valldoreix/el-primer-alcalde-de-valldoreix/">El primer alcalde de Valldoreix</a><br />
<a href="http://avvcelm.cat/avvcelm/historia-de-valldoreix/can-barba-de-madrona/">Can Barba de Madrona</a><br />
<a href="http://avvcelm.cat/avvcelm/historia-de-valldoreix/el-nom-de-les-cases-de-valldoreix/">El nom de les cases de Valldoreix</a><br />
<a href="http://avvcelm.cat/avvcelm/el-servei-daigua-corrent-a-valldoreix/">El servei d&#8217;aigua corrent a Valldoreix</a><br />
<a href="http://avvcelm.cat/avvcelm/historia-de-valldoreix/la-mina-i-pedrera-berta/">La mina i pedrera Berta</a><br />
<a href="http://avvcelm.cat/avvcelm/historia-de-valldoreix/lautonomia-de-valldoreix-la-voluntat-dun-poble/">L&#8217;autonomia de Valldoreix, la voluntat d&#8217;un poble</a><br />
<a href="http://avvcelm.cat/avvcelm/historia-de-valldoreix/la-placa-de-lestacio-de-valldoreix/">La Plaça de l&#8217;estació de Valldoreix</a><br />
<a href="http://avvcelm.cat/avvcelm/historia-de-valldoreix/autobusos-a-valldoreix/">Autobusos a Valldoreix</a><br />
<a href="http://avvcelm.cat/avvcelm/historia-de-valldoreix/el-pessebre-vivent-de-valldoreix/">El Pessebre vivent de Valldoreix</a><br />
<a href="http://avvcelm.cat/avvcelm/historia-de-valldoreix/merce-capsir-i-valldoreix/">Mercè Capsir i Valldoreix</a><br />
<a href="http://avvcelm.cat/avvcelm/historia-de-valldoreix/les-antigues-cavalcades-de-reis-de-valldoreix/">Les antigues cavalcades de Reis de Valldoreix</a><br />
<a href="http://avvcelm.cat/avvcelm/historia-de-valldoreix/can-badal-de-valldoreix/">Can Badal de Valldoreix</a><br />
<a href="http://avvcelm.cat/avvcelm/historia-de-valldoreix/valldoreix-1933-una-visio-mironiana/">Valldoreix 1933: Una visió mironiana</a><br />
<a href="http://avvcelm.cat/avvcelm/historia-de-valldoreix/el-castell-de-canals/">El castell de Canals</a><br />
<a href="http://avvcelm.cat/avvcelm/historia-de-valldoreix/can-monmany-de-valldoreix/">Can Monmany de Valldoreix</a><br />
<a href="http://avvcelm.cat/avvcelm/historia-de-valldoreix/can-busquets/">Can Busquets</a><br />
<a href="http://avvcelm.cat/avvcelm/historia-de-valldoreix/petita-historia-del-comerc-de-valldoreix/">Petita història del comerç de Valldoreix</a><br />
<a href="http://avvcelm.cat/avvcelm/historia-de-valldoreix/can-fayol-de-valldoreix/">Can Fayol de Valldoreix</a><br />
<a href="http://avvcelm.cat/avvcelm/historia-de-valldoreix/valldoreix-terra-daigua/">Valldoreix terra d&#8217;aigua</a></p>

<p>Aquí hi trobareu un recull d&#8217;història de Valldoreix: Narcís Perbellini. Un personatge exemplar: el salvador del re-taule de Valldoreix Masia de Can Cabassa Can Majó de Valldoreix El Molí de Canals El cementiri de Valldoreix Luis Stern Selig El Mas Fuster de Valldoreix Víctor Clemente Mellado, un senyor de Valldoreix La Guerra de Successió a Valldoreix Guerrillers a Valldoreix Un passeig per l&#8217;Avinguda Joan Borràs de Valldoreix Comunidor de Sant Cebrià La Creació de l&#8217;entitat local menor de Valldoreix Un retall de Monmany a Ceuta L&#8217;estació de Valldoreix El campanar i les campanes de Sant Cebrià Aqualonga Francesc Busquets i Pujol Masia can Cadena de Valldoreix Santa Eulàlia de Madrona o La Salut Clandestinitat al Valldoreix dels anys 40 El primer alcalde de Valldoreix Can Barba de Madrona El nom de les cases de Valldoreix El servei d&#8217;aigua corrent a Valldoreix La mina i pedrera Berta L&#8217;autonomia de Valldoreix, la voluntat d&#8217;un poble La Plaça de l&#8217;estació de Valldoreix Autobusos a Valldoreix El Pessebre vivent de Valldoreix Mercè Capsir i Valldoreix Les antigues cavalcades de Reis de Valldoreix Can Badal de Valldoreix Valldoreix 1933: Una visió mironiana El castell de Canals Can Monmany de Valldoreix Can Busquets Petita història del [&hellip;]</p>
